(n) + 3*s(n). Is b(11) prime?
False
Is 355 - (-3)/((-3)/2) a composite number?
False
Let m = 101 + 278. Is m prime?
True
Suppose -4*a - 2 = -t - 1, 0 = -t - 5*a + 1. Suppose -5*z + 10 = 2*i + 3*i, t = -z. Is i/6*(-188)/(-2) a prime number?
True
Suppose 2*w = -3*w + 10. Suppose 0 = 5*r - 2*t - 196, 3*r - r = -t + 82. Suppose 338 = w*i + r. Is i a prime number?
True
Let r(l) = l**2 - 3*l - 11. Is r(11) prime?
False
Is (-3 + 3710 + 0)*1/1 composite?
True
Is ((-11)/(-33))/((-1)/11643)*-1 a prime number?
True
Is 3*(-14638)/(-6) + 2 + 2 prime?
False
Suppose -9*l = -4*l. Let t(c) be the third derivative of -c**6/120 + 79*c**3/6 - c**2. Is t(l) composite?
False
Suppose -73 = -w + 58. Is w composite?
False
Suppose 5*l - 7*l = -358. Let o = l - 18. Is o a composite number?
True
Let o(x) be the second derivative of x**5/4 + x**4/12 - x**3/2 - x**2/2 - 6*x. Is o(3) prime?
False
Let z(c) = 49*c**2 + 7*c - 13. Is z(3) a prime number?
True
Let p(t) be the third derivative of t**5/12 + t**4/4 + t**3/2 - 3*t**2. Is p(-4) a composite number?
False
Is 650 + 3 - (4 + 0/3) composite?
True
Suppose 19 = -3*d - 2*h, -2*d + 17 = -4*d + 3*h. Let m(g) = -g**3 - 6*g**2 - 2*g + 2. Is m(d) a prime number?
False
Is 9804/48 - 6/(-8) prime?
False
Let f(m) = 19*m - 3. Suppose 14 = 5*w - 21. Let r be f(w). Suppose -4*y = 4*a + y - r, 2*y = -5*a + 171. Is a composite?
True
Let u = -7 + 10. Suppose -2*p + 1157 = 4*c - p, p - 868 = -u*c. Is c a composite number?
True
Suppose -3*b - 4*p + 59 = 0, 3*b + 5 = 2*p + 70. Let q = b - 12. Is q a prime number?
False
Let f = 2773 + -1410. Is f prime?
False
Let l = 138 - -23. Is l a composite number?
True
Suppose 0*t + 82 = 2*t. Let v = t + -16. Is v a prime number?
False
Suppose 2*i = 10 - 38. Let m = -22 - i. Let b = -4 - m. Is b a prime number?
False
Let u = 498 + -203. Is u a prime number?
False
Suppose -5*i + 20 = -5. Suppose -i*b + 486 + 973 = 4*o, 5*o = 4*b - 1159. Is b a composite number?
True
Let g(l) = -l + 109. Let b be g(0). Let x be (3 + -6)/((-3)/5). Suppose t - 82 = -4*w, x*w + t - b = 3*t. Is w prime?
False
Suppose -3*m + 2722 = -m. Is m a composite number?
False
Suppose 0 = -d + 5*d - 148. Is d composite?
False
Let r(h) = 22*h - 3. Let m = 35 - 24. Is r(m) prime?
True
Is 7/21*(-4863)/(-1) composite?
False
Let p(y) = 22*y**3 + 3*y**2 - 3*y + 3. Let j be p(2). Suppose 4*v = a + 373, 2*v + 0*v - a = j. Is v a prime number?
False
Suppose c + c + 93 = b, 5*c + 185 = 2*b. Is b composite?
True
Suppose -4*a + 24 = 4*p, p + a - 3 = 3*p. Let j be 2*-5*p/2. Is (-4)/(-10) - 173/j composite?
True
Let a = 11 + -7. Is (a - 3)/((-2)/(-46)) a prime number?
True
Let c = 571 - 270. Is c a prime number?
False
Let d = -26 - -64. Let a be 1 + d - -1 - 0. Let b = a + -21. Is b a composite number?
False
Suppose x - 2630 + 368 = -5*s, -3*x = 4*s - 1803. Let p = s - 244. Is p composite?
True
Let z = 0 - -3. Is 5 + -2 + (219 - z) a prime number?
False
Let a be (-5773)/(-7) + 26/91. Suppose o - 821 = -4*f, 0*f - 4*f - 5*o + a = 0. Is f a prime number?
False
Let l(v) be the first derivative of 4*v**5/15 + v**4/12 + v**3/6 - v**2/2 + 2. Let k(x) be the second derivative of l(x). Is k(-1) composite?
True
Let y = 2040 + -749. Is y prime?
True
Suppose 7*b + 96 = 3*b. Let f be b/(-40) - (-457)/5. Let g = f - 55. Is g a prime number?
True
Suppose 2*x + 25 = -0*x - u, u - 27 = 2*x. Let z = 6 - x. Suppose -4*g = z - 79. Is g a prime number?
False
Is 1158/8 + 4/16 a composite number?
True
Suppose 5*c + 0*c = -4*d - 12, -2*c - 8 = 0. Suppose -10 = -2*a, 2*h - 5*a = -d*h + 51. Is h a composite number?
False
Suppose -5*y + 899 = -3536. Is y prime?
True
Is (-3 + 1)/4 - 23544/(-16) prime?
True
Let o(p) = 87*p**2 - 5*p + 27. Is o(4) a composite number?
False
Suppose -24 = -6*i + 3*i. Let w = i + -21. Is (w - 0)*2/(-1) prime?
False
Let a be 1/4 + 262/8. Let h = a - 50. Is (-3)/(1 + 18/h) a prime number?
False
Suppose 0 = -4*c + 5*c - 487. Is c a prime number?
True
Suppose -y = 2*y - 669. Is y a composite number?
False
Let t = -162 + 347. Is t composite?
True
Suppose c = -4*x - 523, -2*x - 179 = 2*c + 87. Let r = x + 449. Is r a composite number?
True
Let j(u) = u**2 + 4*u + 3. Let v be j(-6). Suppose 4*y - 4*s - 756 = -0*s, 0 = -3*s + v. Is y a composite number?
True
Is (-4)/(-26) - 2520/(-13) composite?
True
Let w = 150 - -295. Is w composite?
True
Let k = 7 - 7. Let j = k - -5. Suppose -928 = -j*p + 127. Is p a prime number?
True
Suppose -5*i = k - 2829, 3*i + 4*k = -0*k + 1711. Is i prime?
False
Let u be (-1 + 1)/(-1 - -3). Suppose 2*f + 16 = 5*i, -3*i + 4*f + u = -4. Suppose -2*a + y = 3*a - 31, i = y. Is a composite?
False
Let x = 4 - 4. Let a(b) = -b**3 - b**2 - b + 69. Let y be a(x). Suppose -2*j - j = -y. Is j prime?
True
Let u = -9 - -24. Let b be 1/(-3)*u/(-5). Is 0/b - 1*-149 a prime number?
True
Is 9/(-63) + (-1668)/(-14) a prime number?
False
Let b be -1 - (-2 + -1 + 3). Let m be ((1 - 0) + b)*1. Suppose -4*f + 411 = 5*i - 91, m = f - 4*i - 115. Is f a composite number?
True
Let m be (-4)/1 + (-1 - -3). Let a = m - -1. Let y(g) = -31*g**3 - g - 1. Is y(a) prime?
True
Suppose 0 = -3*d + 2*w - 1 - 103, -2*d - 3*w - 52 = 0. Let m be 2*-1 + (-57)/3. Let p = m - d. Is p composite?
False
Suppose -5*y - 877 = 2*c, 2*y + c = 6*y + 699. Let a = y - -302. Is a a composite number?
False
Suppose o + 5*g - 14 = 0, -3*o + 4*g = o - 80. Is o prime?
True
Suppose -4098 - 5659 = -11*s. Is s a composite number?
False
Let g be (-6)/10 + (-48)/20. Is g/(-2)*(-1862)/(-21) a prime number?
False
Let q = 3672 - 1253. Is q a composite number?
True
Let b = -501 + 868. Is b composite?
False
Suppose 4*h = j + 14, -2*j - 17 = -j - 3*h. Let z be (j/3)/(10/(-135)). Suppose -y + z = 2*y. Is y a composite number?
True
Let l(z) = 58*z**2 - z. Is l(-1) a composite number?
False
Let u be 2/(31/10 - 3). Suppose 6*i = 4*i + u. Is i a composite number?
True
Suppose -3*a = 5*y - 1664, 731 = -5*y - a + 2389. Is y a composite number?
False
Let o(t) = t**2 + 6*t - 2. Let v be o(-5). Let f = v - -5. Is (f - 0/1) + 16 a composite number?
True
Suppose 4*a = -a + 3*u - 44, 0 = -a - 5*u - 20. Let n = 81 - a. Is n a composite number?
True
Let t = 241 - -156. Is t prime?
True
Suppose 6*b + 145 = 7*b. Is b a prime number?
False
Suppose 3*n - 2*p - 2647 - 1480 = 0, 3*p + 6880 = 5*n. Is n a prime number?
False
Let c(u) = u + 1. Let f(w) = 6*w + 7. Let p(b) = -35*c(b) + 5*f(b). Let m = 6 + -11. Is p(m) a prime number?
False
Let p be 658/3 + (-3)/9. Let z = p - 327. Let o = 257 + z. Is o a prime number?
True
Let r(i) = i - 5. Let y be r(5). Suppose 0 = -y*f - 2*f - 26. Let a = 72 - f. Is a prime?
False
Let c = -280 - -406. Suppose 4*v + 34 = c. Let y = v + -13. Is y composite?
True
Suppose 0*v - 80 = -v. Let n = -46 + v. Is n a composite number?
True
Suppose -4*p = 3*k + 10, 13 = -3*p + 2*k - 7*k. Let r(s) = 3*s**2 + s - 1. Let u(a) = a. Let x(w) = r(w) - u(w). Is x(p) prime?
True
Let i(u) = 16*u**2 + u - 13. Is i(8) composite?
False
Is (566*-9)/(-3)*5/10 a prime number?
False
Let o(v) = v + 1. Let a(b) = b**2 + 2*b + 11. Let c(m) = a(m) - 2*o(m). Is c(-10) prime?
True
Let q(r) = -203*r. Is q(-1) a composite number?
True
Let p(m) = m**3 - 7*m**2 + 4*m - 7. Suppose -3*a = -2*c - 32, 4*a = 2*c + 28 + 12. Is p(a) composite?
False
Suppose -5*w + 1069 + 1541 = 5*n, -3*n = 2*w - 1565. Is n prime?
True
Suppose 0*c - i + 54 = 2*c, -5*c - i = -132. Let j = c - -9. Is j composite?
True
Is (505/2)/((-4)/(-8)) prime?
False
Let h(p) = 5*p - 1. Let g be (-54)/(-8) - 2/(-8). Is h(g) a composite number?
True
Suppose -2*l = -867 - 427. Is l a composite number?
False
Suppose -260 = -2*l + 150. Is l prime?
False
Let q = 533 + -327. Suppose 5*g + 255 = 5*y, 4*y - 3*g - 2*g = q. Is y composite?
True
Suppose 0 = 4*r + 11*r - 26745. Is r a prime number?
True
Let x(p) be the second derivative of -8*p**3/3 + p**2/2 - 4*p. Is x(-2) a composite number?
True
Suppose 0 = -3*j - 3, -3*d + d - 2*j - 18 = 0. Let s = d - -75. Is s a prime number?
True
Let z be 0/(-2) - (1 - 3). Suppose z*m + 101 = -11. Let n = -19 - m. Is n a prime number?
True
Let b = -46 - -77. Suppose 0 = -3*t - 5*w + b, t - 5 = 3*w - 18. Suppose -5*o = t - 72. Is o prime?
False
Let i(l) = -2*l**3 - 4*l**2 - 7*l - 5. Let y be i(-5). Suppose -3*s = x - 155, -y = -2*x - 